s j(-20)?
-3227
Let f(b) = -6645*b - 1189437. Give f(-179).
18
Let s(c) = 21*c**2 - 128*c + 365. Calculate s(3).
170
Let y(l) = -13263*l + 146011. Determine y(11).
118
Let v(c) = -82*c**2 + 5426*c - 934. Give v(66).
-10
Let b(g) = -18549*g - 407497. What is b(-22)?
581
Let b(y) = 389*y + 4355. What is b(-11)?
76
Let y(g) = -53*g**2 + 46*g + 152. Give y(-4).
-880
Let z(t) = t**3 + 45*t**2 + 82*t - 5523. What is z(-15)?
-3
Let v(a) = 2*a**3 - 26*a**2 - 18*a + 275. Give v(13).
41
Let p(y) = -y**3 - 2203*y**2 - 28473*y - 50. Calculate p(-13).
-11
Let u(z) = -9*z**3 - 71*z**2 - 85*z - 167. Determine u(-7).
36
Let k(l) = l**3 - 261*l**2 + 1295*l - 3860. What is k(256)?
-20
Let m(n) = -n**3 + 137*n**2 - 1267*n - 460. What is m(127)?
-79
Let j(b) = -48742*b + 1121182. Calculate j(23).
116
Let m(a) = -a**3 - 24*a**2 - 101*a + 242. Give m(-14).
-304
Let w(t) = -2*t**3 - 17*t**2 - 90*t - 1078. Determine w(-12).
1010
Let t(v) = 11*v**2 + 12338*v - 307127. What is t(-1146)?
1
Let v(k) = 43*k**2 - 4409*k + 38130. What is v(93)?
0
Let b(h) = h**3 + 62*h**2 + 411*h + 1386. Determine b(-55).
-44
Let y(m) = -4442*m**2 - 4073313*m + 922. Give y(-917).
5
Let z(x) = -4*x - 719. Give z(33).
-851
Let x(y) = -19*y**3 - 3*y**2 - 77*y + 246. What is x(3)?
-525
Let j(o) = 2890*o + 83739. Determine j(-29).
-71
Let n(h) = -h**3 + 188*h**2 + 27*h + 30682. Give n(189).
64
Let c(m) = -6921*m - 1764859. What is c(-255)?
-4
Let g(p) = 92*p**2 - 1844*p + 1816. What is g(19)?
-8
Let u(n) = n**3 - 18*n**2 - 41*n + 349. Calculate u(19).
-69
Let p(a) = -a**3 + 7*a**2 + 293*a - 2868. Determine p(12).
-72
Let v(i) = -1307*i - 18087. Calculate v(-15).
1518
Let y(l) = -72*l**2 - 159*l - 14. Give y(-2).
16
Let l(m) = 2625*m - 288745. Determine l(110).
5
Let g(n) = -230*n - 22577. What is g(-94)?
-957
Let o(p) = 508*p + 10912. Give o(-23).
-772
Let l(h) = -77*h**2 + 22794*h - 506. Give l(296).
86
Let o(b) = 7*b**2 + 62*b + 250. What is o(-21)?
2035
Let d(m) = -2564*m**2 - 2553*m - 8. Calculate d(-1).
-19
Let n(d) = 22596*d - 316348. Calculate n(14).
-4
Let d(u) = -1881*u + 60942. Give d(33).
-1131
Let k(x) = -1170481*x + 2340967. Determine k(2).
5
Let c(g) = g**2 - 15528*g - 982254. Calculate c(-63).
-21
Let n(f) = -2*f**3 + 37*f**2 - 173*f + 319. Give n(15).
-701
Let q(v) = 11653*v + 361142. What is q(-31)?
-101
Let r(d) = 1240*d**2 - 7440*d + 7. What is r(6)?
7
Let m(o) = -o**3 + 43*o**2 - 296*o + 7. What is m(8)?
-121
Let u(g) = -40*g**2 + 5449*g - 7374. Give u(135).
-759
Let z(p) = 3272*p - 490792. Give z(150).
8
Let a(p) = 10*p**2 + 95*p + 181. What is a(-5)?
-44
Let x(c) = 3474*c + 20824. Give x(-6).
-20
Let s(i) = 3*i**3 + 173*i**2 + 789*i + 7. Determine s(-5).
12
Let l(r) = 15*r**2 + 66*r - 44. Calculate l(-13).
1633
Let c(a) = 537765*a + 537698. Calculate c(-1).
-67
Let q(y) = -2*y**2 - 8604*y + 225053. Give q(26).
-3
Let h(q) = -2*q**2 - 231*q - 3492. Give h(-18).
18
Let q(a) = 6862*a + 31516. What is q(-5)?
-2794
Let a(l) = l**3 + 250*l**2 - 180*l + 17680. What is a(-251)?
-141
Let z(m) = -2646*m - 74091. What is z(-28)?
-3
Let a(w) = -6*w**2 + 1808*w - 36876. Give a(22).
-4
Let d(y) = -14914*y + 59768. What is d(4)?
112
Let f(u) = -124*u - 29852. Determine f(-244).
404
Let u(i) = 5*i**2 - 1454*i - 73633. What is u(-44)?
23
Let n(y) = -2*y**2 + 87*y - 837. Give n(29).
4
Let d(v) = -3*v**3 - 145*v**2 + 2297*v - 1292. Determine d(-61).
-11
Let q(f) = -7*f**2 + 439*f + 132. Determine q(63).
6
Let k(c) = 4*c**2 + 56*c - 166. Give k(-22).
538
Let k(j) = -2294*j + 1030231. Determine k(449).
225
Let p(j) = -59*j**2 + 15399*j - 19. What is p(261)?
-19
Let g(w) = 23*w**2 + 546*w + 52. Calculate g(-22).
-828
Let h(x) = 236*x + 22348. Give h(-96).
-308
Let l(t) = 940*t - 194903. Calculate l(207).
-323
Let u(h) = -52*h**2 - 1599*h - 1198. Give u(-30).
-28
Let k(x) = -x**3 - 503*x**2 - 3466*x + 26. Give k(-7).
-16
Let k(g) = 93*g - 9904. Determine k(106).
-46
Let a(k) = -k**3 + 39*k**2 - 181*k + 463. What is a(32)?
1839
Let c(j) = -443002*j + 15505070. Determine c(35).
0
Let x(o) = 2*o**3 + 46*o**2 - 2413*o + 146. Give x(-48).
770
Let z(d) = -d**2 - 94*d + 39448. Determine z(143).
5557
Let c(u) = u**3 + 1346*u**2 - 2765*u - 93007. What is c(-1348)?
5
Let z(w) = -w**3 + 7*w**2 - 79*w + 894. What is z(9)?
21
Let n(l) = 2*l**2 + 501492*l - 3009028. Determine n(6).
-4
Let s(v) = 20*v**3 - 82*v**2 - 2344*v + 9401. What is s(4)?
-7
Let r(o) = 94*o - 1964. Calculate r(-30).
-4784
Let c(y) = 2*y**3 - 6*y**2 - 362*y - 15. Give c(-12).
9
Let x(w) = -12*w**2 - 5982*w - 11960. Calculate x(-2).
-44
Let d(b) = 9*b**3 + 83*b**2 + 7*b - 84. Determine d(-9).
15
Let s(c) = 7380*c + 38088. Give s(-5).
1188
Let d(p) = -p**3 - 316*p**2 + 11786*p - 39896. Determine d(-350).
4
Let l(v) = -522*v - 89360. Give l(-168).
-1664
Let n(j) = 118*j - 1568. Determine n(16).
320
Let w(j) = -4*j**2 - 1441*j + 114484. Calculate w(67).
-19
Let m(j) = 36182*j - 36169. Calculate m(1).
13
Let j(x) = x**3 + 4*x**2 - 4732*x - 23636. Give j(-5).
-1
Let h(m) = 22*m**2 + 898*m - 895. Give h(1).
25
Let d(k) = k**3 + 28*k**2 - 1824*k - 192. Give d(31).
-37
Let m(o) = 652*o**2 + 6427*o - 12850. Calculate m(2).
2612
Let r(p) = -912*p - 14955. Calculate r(-17).
549
Let c(v) = 301*v**2 + 1791*v + 18. Determine c(-6).
108
Let h(k) = -3*k**3 - 95*k**2 - 675*k - 56. Determine h(-21).
7
Let i(y) = 101013*y + 707036. Determine i(-7).
-55
Let n(b) = -2*b**2 + 3625*b + 3633. Determine n(-1).
6
Let x(s) = 27*s**2 + 523*s + 2012. Give x(-14).
-18
Let m(i) = -i**2 + 7362*i + 1637000. What is m(-216)?
152
Let z(i) = -6*i**2 - 60*i - 108. What is z(-8)?
-12
Let o(i) = -10623*i + 74382. Calculate o(7).
21
Let t(l) = -3106*l + 15517. Calculate t(5).
-13
Let p(w) = -18*w**3 - 124*w**2 - 14*w + 87. Give p(-7).
283
Let o(f) = -f**3 + 17*f**2 - 20*f + 3. Give o(10).
503
Let i(s) = 63*s**2 + 2065*s - 178. Calculate i(-33).
284
Let l(z) = 4*z**3 + 54*z**2 - 14*z + 188. Calculate l(-14).
-8
Let d(w) = -3999*w + 11452. Give d(3).
-545
Let p(d) = 3*d**2 + 28*d - 417. Calculate p(-19).
134
Let z(a) = 621*a**2 - 39123*a + 202. What is z(63)?
202
Let v(u) = -3*u**2 - 19363*u + 96890. Calculate v(5).
0
Let v(x) = -109*x**2 + 1756*x + 147. Give v(10).
6807
Let t(k) = 6*k**3 - 933*k**2 - 447*k - 2936. Give t(156).
340
Let x(s) = 2*s**2 - 1108*s + 10975. What is x(10)?
95
Let d(c) = -c**3 + 41*c**2 - 280*c + 124. What is d(8)?
-4
Let c(z) = z**3 - 12*z**2 + 4855*z - 58157. Calculate c(12).
103
Let h(t) = -t**2 - 7181*t - 504871. Calculate h(-71).
-61
Let g(x) = 16727*x + 334546. Determine g(-20).
6
Let l(p) = 530*p + 289351. What is l(-548)?
-1089
Let r(g) = 2*g**3 - 54*g**2 + 6401*g + 40789. Calculate r(-6).
7
Let p(w) = -w**3 + 198*w**2 - 1122*w - 5769. Determine p(192).
-9
Let g(t) = 354*t + 62636. Give g(-177).
-22
Let u(n) = -148*n + 1346. Calculate u(15).
-874
Let c(a) = a**3 - 68*a**2 + 469*a - 93. Calculate c(8).
-181
Let c(n) = -2*n**3 - 39*n**2 + 438*n - 887. Give c(2).
-183
Let z(i) = -36*i - 2398. Calculate z(-76).
338
Let o(t) = -t**2 - 146*t + 18719. Give o(-234).
-1873
Let c(j) = 25032*j + 100125. Calculate c(-4).
-3
Let d(v) = -v**3 - 56*v**2 - 594*v - 203. Determine d(-42).
49
Let z(x) = 24210*x + 1355694. Give z(-56).
-66
Let g(h) = 206649*h + 2273109. What is g(-11)?
-30
Let y(i) = i**2 - 207*i - 120948. Determine y(-259).
-254
Let d(h) = h**2 + 199*h - 967. Determine d(6).
263
Let q(u) = -1282*u + 346484. Determine q(270).
344
Let w(y) = -46049*y - 1749858. What is w(-38)?
4
Let s(k) = k**3 + 49*k**2 - 350*k - 20. Calculate s(9).
1528
Let o(h) = 4*h**2 - 825*h - 3286. Give o(210).
-136
Let y(v) = 2247*v - 13644. Determine y(7).
2085
Let g(i) = i**2 - 295*i - 19481. What is g(-60)?
1819
Let z(k) = -k**2 - 72*k + 523. Calculate z(-79).
-30
Let q(s) = -232*s - 4821. Calculate q(-25).
979
Let h(m) = -5*m**3 - 953*m**2 - 566*m + 865. Calculate h(-190).
105
Let u(n) = -30892*n - 1668229. Give u(-54).
-61
Let s(b) = -489*b + 36941. Calculate s(76).
-223
Let x(n) = -1101*n - 105660. Calculate x(-96).
36
Let v(l) = 248*l**2 - 3461*l - 143. Give v(14).
11
Let g(k) = 25*k**2 + 933*k - 3168. What is g(3)?
-144
Let g(p) = -5*p**3 + 452*p**2 - 181*p + 59. What is g(90)?
-31
Let m(p) = -p**3 + 121*p**2 - 472*p - 9. Calculate m(117).
-477
Let o(g) = g**3 + 21*